igit of 216856?
6
What is the units digit of 3809842?
2
What is the thousands digit of 343194?
3
What is the tens digit of 278141?
4
What is the units digit of 5329628?
8
What is the tens digit of 334910?
1
What is the tens digit of 8586?
8
What is the tens digit of 443382?
8
What is the ten thousands digit of 262095?
6
What is the millions digit of 11135661?
1
What is the hundreds digit of 29930707?
7
What is the tens digit of 137968?
6
What is the millions digit of 1429909?
1
What is the units digit of 2259258?
8
What is the hundred thousands digit of 1392715?
3
What is the hundred thousands digit of 7347813?
3
What is the hundred thousands digit of 921618?
9
What is the units digit of 7488914?
4
What is the hundreds digit of 12106?
1
What is the ten millions digit of 10346153?
1
What is the millions digit of 4399197?
4
What is the hundred thousands digit of 558047?
5
What is the thousands digit of 397160?
7
What is the hundreds digit of 226747?
7
What is the tens digit of 2373668?
6
What is the tens digit of 1756450?
5
What is the hundreds digit of 13988852?
8
What is the millions digit of 1165616?
1
What is the hundreds digit of 75130?
1
What is the ten thousands digit of 2713924?
1
What is the millions digit of 1452736?
1
What is the ten thousands digit of 638330?
3
What is the ten thousands digit of 462760?
6
What is the hundreds digit of 7998967?
9
What is the hundreds digit of 19940612?
6
What is the hundred thousands digit of 8139587?
1
What is the hundreds digit of 6870586?
5
What is the hundreds digit of 2897911?
9
What is the thousands digit of 2797066?
7
What is the hundreds digit of 9785721?
7
What is the hundred thousands digit of 358212?
3
What is the ten thousands digit of 43035?
4
What is the hundred thousands digit of 1042452?
0
What is the millions digit of 3723867?
3
What is the millions digit of 9456078?
9
What is the hundreds digit of 1157286?
2
What is the millions digit of 1621816?
1
What is the units digit of 79531?
1
What is the hundreds digit of 231525?
5
What is the tens digit of 10305499?
9
What is the ten thousands digit of 226191?
2
What is the units digit of 4095709?
9
What is the hundred thousands digit of 139288?
1
What is the hundred thousands digit of 348160?
3
What is the ten thousands digit of 13788199?
8
What is the ten thousands digit of 1445718?
4
What is the hundred thousands digit of 24057383?
0
What is the units digit of 1786915?
5
What is the hundreds digit of 371264?
2
What is the hundreds digit of 518828?
8
What is the units digit of 688510?
0
What is the thousands digit of 349889?
9
What is the tens digit of 915766?
6
What is the hundreds digit of 1736462?
4
What is the units digit of 18826?
6
What is the tens digit of 13426415?
1
What is the units digit of 6286756?
6
What is the ten thousands digit of 4749399?
4
What is the ten thousands digit of 165899?
6
What is the hundred thousands digit of 504253?
5
What is the tens digit of 62329?
2
What is the units digit of 777404?
4
What is the hundreds digit of 62909?
9
What is the thousands digit of 11215743?
5
What is the thousands digit of 176689?
6
What is the tens digit of 8259341?
4
What is the units digit of 640393?
3
What is the units digit of 408424?
4
What is the hundred thousands digit of 10847324?
8
What is the hundred thousands digit of 2452509?
4
What is the tens digit of 1294347?
4
What is the ten thousands digit of 470607?
7
What is the hundred thousands digit of 569054?
5
What is the ten thousands digit of 511182?
1
What is the tens digit of 154245?
4
What is the hundred thousands digit of 790466?
7
What is the hundred thousands digit of 2800657?
8
What is the millions digit of 1134135?
1
What is the thousands digit of 805646?
5
What is the ten thousands digit of 886428?
8
What is the tens digit of 1878779?
7
What is the thousands digit of 1180483?
0
What is the thousands digit of 124594?
4
What is the hundreds digit of 10539276?
2
What is the hundred thousands digit of 2760563?
7
What is the units digit of 330231?
1
What is the thousands digit of 1450418?
0
What is the hundreds digit of 580902?
9
What is the ten millions digit of 16556709?
1
What is the tens digit of 298792?
9
What is the millions digit of 16290511?
6
What is the thousands digit of 922793?
2
What is the thousands digit of 6475273?
5
What is the hundreds digit of 4916420?
4
What is the tens digit of 9374?
7
What is the units digit of 913433?
3
What is the hundred thousands digit of 2748967?
7
What is the ten thousands digit of 161644?
6
What is the thousands digit of 13070818?
0
What is the units digit of 648844?
4
What is the tens digit of 2317901?
0
What is the millions digit of 3057179?
3
What is the hundreds digit of 180186?
1
What is the hundred thousands digit of 168938?
1
What is the tens digit of 2045396?
9
What is the thousands digit of 384568?
4
What is the ten millions digit of 13078940?
1
What is the ten thousands digit of 111843?
1
What is the thousands digit of 8177417?
7
What is the hundred thousands digit of 326365?
3
What is the tens digit of 268424?
2
What is the millions digit of 20987029?
0
What is the millions digit of 5808264?
5
What is the hundreds digit of 7333493?
4
What is the tens digit of 47216?
1
What is the tens digit of 29206387?
8
What is the thousands digit of 1584573?
4
What is the tens digit of 172453?
5
What is the hundred thousands digit of 7120433?
1
What is the tens digit of 540770?
7
What is the ten thousands digit of 346085?
4
What is the units digit of 9990574?
4
What is the tens digit of 206059?
5
What is the hundreds digit of 184145?
1
What is the hundred thousands digit of 1178842?
1
What is the millions digit of 1144192?
1
What is the millions digit of 6352742?
6
What is the thousands digit of 310840?
0
What is the hundred thousands digit of 8860347?
8
What is the tens digit of 3747256?
5
What is the units digit of 11286303?
3
What is the hundreds digit of 124686?
6
What is the hundreds digit of 1885938?
9
What is the hundreds digit of 147569?
5
What is the thousands digit of 587000?
7
What is the hundred thousands digit of 2747168?
7
What is the hundreds digit of 8961935?
9
What is the units digit of 645870?
0
What is the thousands digit of 9155059?
5
What is the ten thousands digit of 619358?
1
What is the units digit of 2010724?
4
What is the thousands digit of 1405144?
5
What is the tens digit of 202658?
5
What is the hundred thousands digit of 248719?
2
What is the tens digit of 95672?
7
What is the units digit of 1882985?
5
What is the hundred thousands digit of 10191385?
1
What is the ten millions digit of 10254698?
1
What is the ten thousands digit of 81387?
8
What is the units digit of 14171270?
0
What is the ten thousands digit of 7879003?
7
What is the hundreds digit of 4668624?
6
What is the tens digit of 1254425?
2
What is the units digit of 213225?
5
What is the tens digit of 811381?
8
What is the thousands digit of 6250620?
0
What is the hundreds digit of 752559?
5
What is the millions digit of 9430640?
9
What is the units digit of 80002?
2
What is the hundreds digit of 1006484?
4
What is the hundreds digit of 274429?
4
What is the hundreds digit of 1476922?
9
What is the tens digit of 6477855?
5
What is the thousands digit of 494856?
4
What is the hundred thousands digit of 2264545?
2
What is the hundred thousands digit of 7838276?
8
What is the hundreds digit of 1668201?
2
What is the units digit of 4451550?
0
What is the thousands digit of 126087?
6
What is the thousands digit of 905932?
5
What is the hundred thousands digit of 9015478?
0
What is the thousands digit of 283054?
3
What is the tens digit of 3551524?
2
What is the thousands digit of 1921901?
1
What is the thousands digit of 2374040?
4
What is the tens digit of 1823631?
3
What is the units digit of 31756?
6
What is the hundreds digit of 1295465?
4
What is the millions digit of 31648384?
1
What is the hundreds digit of 1232574?
5
What is the tens digit of 236071?
7
What is the tens digit of 2227715?
1
What is the units digit of 22062?
2
What is the millions digit of 1451423?
1
What is the units digit of 3227728?
8
What is the ten thousands digit of 64375?
6
What is the ten thousands digit of 52272?
5
What is the hundred thousands digit of 